45 + 1610604 = 0. Is l a composite number?
True
Suppose 4*f - 9 = s - 6*s, -5*f = -4*s - 1. Suppose 3*t - 12 = -3*h, 3*t - f = 4*t. Suppose -3*j + 3575 = 4*k, 0 = -5*k - h. Is j composite?
False
Let u(g) = 4294*g + 1488. Is u(7) composite?
True
Let n(c) = -c**3 + 66*c**2 - 55*c - 183. Is n(41) a composite number?
True
Let l = -107209 - -181778. Is l prime?
False
Let w = 73 - 68. Suppose w*c - 1278 = 2*c. Let h = 275 + c. Is h composite?
False
Let t(c) = 33913*c + 459. Is t(4) a composite number?
False
Suppose -5628 = 11*r - 18*r. Suppose 0 = -3*u + 9, 4*y - 5*u - 5465 = -r. Is y composite?
True
Let l = 10 - 5. Suppose -5*s = -5*z - l, 2 = s + z - 5. Is ((-3786)/s)/(3/(-2)) prime?
True
Let i(p) = 3 + 0 + 2*p + 9 - 2. Let m be i(0). Suppose 5*f - m*f = -8005. Is f a composite number?
False
Suppose -18*b - 85 = -23*b. Suppose 2*p = 2*o + 2122, 0 = 22*p - b*p + 3*o - 5289. Is p prime?
False
Let n(k) = -1114*k + 1. Let b be n(-7). Suppose 15346 = m + 3*g, m - b = 3*g + 7529. Suppose 13743 = 8*w - m. Is w a prime number?
False
Suppose 0 = -2*z - 114 + 120. Suppose -2*k = -z*m - 1102, 107 - 465 = m - 3*k. Let r = 849 + m. Is r prime?
True
Let h(b) = -4*b - 90. Let c be h(-21). Is (-1)/c + 199605/90 + 0 a composite number?
True
Let r be 2 + 1 - (-15425 + -4)/(-3). Is (-7 + r)/(8/(-2) + 3) a prime number?
True
Suppose -23*d = -19*d + 38040. Is (5/(-10))/(3/d) a prime number?
False
Let m = 207 - 202. Suppose -m*g + 18472 = 2457. Is g a composite number?
False
Let w(x) = 31*x**2 - 46*x - 94. Let c(y) = 16*y**2 - 23*y - 48. Let s(k) = -11*c(k) + 6*w(k). Is s(11) prime?
False
Is 7 + 85385 + (6 - 3 - 14) composite?
False
Suppose 0 = 9*p + 21 - 93. Is (p/12)/(14/473739) prime?
False
Is -13 + 395018 + (16 - -2) a prime number?
True
Suppose -3*g - 3*o = -265635, -23*o - 88543 = -g - 25*o. Is g a prime number?
True
Let f(q) be the second derivative of q**3/6 + 17*q**2/2 - 9*q. Let v be f(-15). Suppose v*w + 3*p = 3548, -3*w + 5*p = -447 - 4894. Is w a composite number?
False
Suppose g - 2*d - 27261 = 0, 5044 = g + 4*d - 22205. Is g a prime number?
False
Let k = 958 + -877. Let u(y) = y**3 + y**2 + 2*y + 5. Let f be u(4). Suppose -k - f = -2*o. Is o a prime number?
False
Let v(r) = 17*r + 140. Let b be v(-8). Suppose 5*s = -b*u + 26932, -3*u + 23*s + 20199 = 18*s. Is u composite?
False
Let z = 44 - 34. Let h be 40/(-16)*(-8)/z. Suppose -3*n - 1303 = -5*k - 6*n, h*n + 1323 = 5*k. Is k prime?
True
Suppose 0 = -13*z - 1450867 - 2685993. Is (z/(-28))/(2 - 1) a prime number?
False
Suppose -19*b + 26*b + 91 = 0. Let s(a) = a**2 + 12*a - 10. Let m be s(b). Suppose -3*h = -m, 2*h = 5*q - h - 1112. Is q a composite number?
False
Let g(f) = -24*f**3 - 6*f**2 - 27*f - 14. Let j be g(-6). Suppose 18*n - j = 14*n. Is n composite?
False
Suppose -51*b - d = -49*b - 362367, -3*d + 543552 = 3*b. Is b a prime number?
True
Suppose -3*c - 3*q + 576 = 0, -c + 412 = c - 5*q. Suppose c = 3*a + 4*g, -187 = -3*a - 0*g + 5*g. Suppose a = t - 19. Is t composite?
False
Let d(f) = -f**3 - 18*f**2 + f + 29. Let h be d(-18). Suppose 7*p = h*p - 3124. Is p a prime number?
False
Suppose 0 = 5*t + 3*s - 6, -7 = -t + 5*s + 11. Let j(d) = 84*d**2 + 69 - t*d**2 - 7*d - 90. Is j(7) composite?
True
Let l(i) = i**3 - 6*i**2 + 9*i + 2. Let q be l(5). Let k be (206/(-4))/((-87)/q - -4). Let g = 116 - k. Is g prime?
True
Let f be -4*(-6)/4 + -1. Suppose 6556 = -f*d - 6*d. Let x = d + 1269. Is x a prime number?
True
Let z = -88340 - -170469. Is z a prime number?
True
Suppose 161*a - 68415 = 147*a + 532507. Is a a prime number?
True
Is (4 + 1)/((-7 + 22)/2472465) prime?
False
Is (-6)/1 - 155*-227 a prime number?
False
Let o = 56898 - -13373. Is o a composite number?
False
Let h(u) be the first derivative of 69*u**3 - 159*u**2/2 + u + 106. Is h(-10) a prime number?
True
Let d be 2/(-15) + ((-1786807)/(-165) - -11). Let u = 17803 + d. Is u composite?
False
Let n = 3737 - 1322. Suppose 7779 - n = 18*a. Suppose 5*r - 137 = a. Is r a prime number?
False
Let v(g) = -2473*g - 43 - 114 - 16. Is v(-14) a prime number?
False
Let q(k) = 54*k - 26. Let p be q(5). Suppose -247*x = -p*x - 30837. Is x prime?
False
Suppose -21*h = -26*h + 28190. Let u = h - 3885. Is u a composite number?
False
Suppose -2*v + 11 = 3*b - 11, -4*b + 3*v = -1. Suppose -b*d = 5*u + 7 - 33, -4*d = -u - 14. Is ((-1)/(12/524))/(u/(-66)) composite?
True
Let j = 4617 - 2961. Let z = j + 77. Is z composite?
False
Suppose -2*i - 140 = -138. Is (-2837 + 4)*(0 + i)*1 prime?
True
Suppose 0 = -1120*q + 1111*q + 27. Suppose 5*m = 999 + 371. Suppose h - v - 2*v = 256, m = h + q*v. Is h a composite number?
True
Let m(h) = 87*h + 18 + 44*h + 88*h + 25. Is m(14) a composite number?
False
Suppose 0 - 24 = -12*j. Suppose -j*c - 32 = 2*k, c + 0*c = -4*k - 1. Let g = 36 + c. Is g a prime number?
False
Let q = 108 + -106. Suppose -3*m + 13123 = -a, 5*m + 13111 = 8*m + q*a. Is m a prime number?
True
Let q = 92 - 87. Suppose 5*t + 0*t = -2*w - 11981, q*w = 4*t + 9598. Let f = 3498 + t. Is f composite?
True
Suppose 7*b = z + 5*b, 0 = -b. Suppose -103*i + 121*i - 303678 = z. Is i a prime number?
True
Suppose 413803 = 9*o + 3*f - 41627, 4*o = -2*f + 202416. Is o prime?
False
Suppose 21165448 = 122*k - 21220524. Is k prime?
False
Suppose 175*x - 185*x = -60. Suppose -166618 = -4*j - x*r, 5*j + r - 141144 = 67096. Is j prime?
True
Suppose 112*x - 114*x + 20 = 0. Suppose 0 = -r + 3*t + 6947, x*t - 5*t = -10. Is r prime?
False
Let g = 4339 - 992. Suppose h + j = 910, 3*h - 3*j - g + 635 = 0. Is h composite?
False
Suppose 2*h = 2*l - 66, 4*l + l - 2*h - 174 = 0. Let a = -317 + 360. Let z = l + a. Is z a prime number?
True
Let i(x) = 14*x + 33. Let r be i(-2). Suppose -5*v - r = 0, 7*v - 6*v = z - 1250. Is z composite?
False
Suppose 2*g - f - 5456 = -5*f, 0 = -f + 2. Suppose -g = 2*k - 398. Is ((-8)/24*3)/(1/k) a composite number?
False
Suppose 5*m - 67 = -4*i, 2*i = -4*m + 1 + 37. Suppose i*n - 8*n - 11615 = 0. Is n prime?
False
Suppose -2*s + 0*h = -4*h - 40, -2*s - 5*h + 13 = 0. Suppose -13*q - 3407 = -s*q. Is q prime?
True
Let c be -3 + 2 - 5 - 2. Let h(p) = 5 - 29*p + 0*p + 25*p + p**3 + 8*p**2. Is h(c) a composite number?
False
Suppose -16 = -2*h - 4*p, -6 = 3*h - 3*p - p. Suppose 5*w - 4467 = 2*b, -4*w = h*b + 2*b - 3596. Is w composite?
True
Let a be ((-712)/6)/(3/((-27)/6)). Suppose -14*c + 12*c = -a. Let d = c + 102. Is d composite?
False
Let y(a) = a + 110 - 119 - 77*a. Let v(w) = w**3 - 7*w**2 - 4. Let d be v(7). Is y(d) a composite number?
True
Let r(d) = d**2 + 26*d + 135. Let i be r(-7). Suppose n + 3*z - 20701 = 0, 18579 - 59995 = -i*n + z. Is n a composite number?
False
Let t = 16 + -15. Suppose -5*w - 4 = 4*v - t, -4*w - 24 = -4*v. Is -3 - (v - 8) - (-330 - -1) composite?
False
Let l(q) = -20*q + 71. Suppose -2*y - 15 - 3 = 0. Is l(y) a prime number?
True
Let o be 16167 - (1 + (-6 - -1)). Suppose 6*z - o = 24467. Is z a composite number?
True
Suppose 2*f = 5*m + 209619, 1 = 3*m + 16. Suppose f = 15*r - 4*r. Is r a composite number?
True
Suppose 4*o + 36 = 2*l, -l - 5*o + 8 + 10 = 0. Is 17312*4/l + 10/(-90) a composite number?
False
Let t(j) = -404*j**3 + 9*j**2 - 3*j + 11. Let c be t(-5). Suppose -6*u - l = -2*u - 67679, -3*u = -2*l - c. Is u a composite number?
True
Let l(i) be the third derivative of 67*i**5/20 - i**4/3 - i**3/2 - 30*i**2 - 3. Is l(-14) a composite number?
True
Let q(c) = 64*c**2 + 310 + 310 - 615 + 8*c. Is q(9) a composite number?
False
Let l be (8/(-6))/(5 - (-131322)/(-26262)). Let x = l - 477. Is (-3 - x)/(-4) - -2 a composite number?
False
Suppose -29*x = -31*x + 4. Suppose 0 = x*m - 5*d - 24, -d - 3*d = -2*m + 20. Suppose 0 = m*f - 806 + 114. Is f composite?
True
Let d(p) = -4*p**3 - 3*p**2 - 5*p - 6. Let l be d(-3). Suppose 117 = o + l. Suppose 3*y - 258 - o = 0. Is y prime?
False
Suppose -5*z + 259739 = j, -87900 - 67977 = -3*z + 5*j. Is z prime?
True
Let s(x) = -x**2 - 2*x + 1. Let r(j) = -220*j**2 - 13*j + 8. Let d(c) = -r(c) + 6*s(c). Is d(-3) composite?
True
Let g(u) = -2693*u - 234. Let i(y) = 21*y - 301. Let z be i(14). Is g(z) a prime number?
True
Suppose -5*s + 2*s = -15, -3*s = 4*r + 62753. Let q = 26498 + r. Suppose w + q = 7*w. Is w prime?
True
Let y = -210 + 98. Let o = 116 + y. Suppose -1206 = -o*n + 766. Is n co